+ 2*t = y. Suppose 4*r = -12, -3*m - 8 = -2*m + t*r. List the prime factors of m.
7
Let x = -12 - -34. Suppose -2*w = -0*g + 3*g - 17, 4*g - x = -3*w. What are the prime factors of g?
7
Suppose 5*g + 3024 = 13*g. List the prime factors of g.
2, 3, 7
Suppose -2*x + 10 = 2*o - 0*x, 0 = o + 5*x + 7. What are the prime factors of o?
2
Suppose -4 = 5*x - 49. List the prime factors of 3/((-3)/(-2)) + x.
11
Let l be 3*(20/6 + -2). Let a be 1*6/4*2. Suppose 4*r - l = -s, 4 - 1 = -a*r. List the prime factors of s.
2
Let d(u) = -9*u - u**3 - 4 + 0*u**3 - 1 - 7*u**2. What are the prime factors of d(-6)?
13
Suppose -5*a = -3*c - 741, -3*a + 441 = -6*c + 3*c. List the prime factors of a.
2, 3, 5
Suppose -2*x = -4*s - 70, -4*s = 4*x - 0*x + 76. Let m = s + 29. List the prime factors of m.
11
What are the prime factors of (186/5)/((-6)/(-15))?
3, 31
Suppose -r = 4*r + 4*d - 321, r - 5*d - 41 = 0. List the prime factors of r.
61
Let z(u) = 9 - 1 + 2 + u + 6. List the prime factors of z(-8).
2
Let s be (-6)/30 - 539/5. Let h = -77 - s. What are the prime factors of h?
31
Suppose 4*p + 31 = 143. What are the prime factors of p?
2, 7
Let n = 110 - 49. List the prime factors of n.
61
Suppose -6 = p + 3*r, p - 6 = -4*p - 3*r. Suppose 18 = -0*g + p*g. List the prime factors of g.
2, 3
Let t = 11 + -4. List the prime factors of t.
7
Let p(m) = -1 - m - 4 + 12*m**2 + 2 + 4. What are the prime factors of p(1)?
2, 3
Suppose -r - 574 = -3*z, -z + 5*r = -38 - 144. List the prime factors of z.
2, 3
Suppose -2*r + 196 = -2*p, 7*p - 6*p - 1 = 0. What are the prime factors of r?
3, 11
Let w(q) = -2*q**3 - 3*q**2 - 4*q - 3. Let c be w(-2). List the prime factors of 124/c + (-4)/(-18).
2, 7
Suppose 5*l = 2*l + 3. Let a be (l - 3)/(4/(-10)). List the prime factors of 0 + a/(15/6).
2
Let z be 22/4 + (-2)/(-4). Suppose -175 = -z*s - 37. What are the prime factors of s?
23
Let w = 11 + -9. Let b(z) = z**2 - 3*z - 6. Let y be b(5). Let c = w + y. What are the prime factors of c?
2, 3
Suppose 2*i + 3*v = 6, -i + v + 15 = 4*i. Suppose 3*n = 5*n. Let o = n + i. List the prime factors of o.
3
What are the prime factors of (-3)/(-6) - (-1)/(4/38)?
2, 5
Let u = 19 + -7. What are the prime factors of u?
2, 3
Let v = -624 - -996. What are the prime factors of v/28 - (-4)/(-14)?
13
Let p(j) = -j**2 + 7*j + 10. Suppose -3*b = -5*z - 11, -6*z = -2*z - 8. List the prime factors of p(b).
2, 5
What are the prime factors of ((-590)/12)/((-7)/42)?
5, 59
Let t(r) = -r**3 - 6*r**2 + 6*r - 1. Let c be t(-7). Suppose -2*v + c = v. Suppose 0 - v = -g. List the prime factors of g.
2
Let b(s) = -s. Let u be b(-4). Let q = u + -4. Suppose 0 = -c - q*c + 11. List the prime factors of c.
11
Suppose -3*l = -3 - 6. Suppose 0 = l*o + 2*o. Let i = o + 6. List the prime factors of i.
2, 3
What are the prime factors of (-516)/(-10) + 3/(-5)?
3, 17
Let o(d) = d**2 + 1. Let t be o(1). Suppose -g - t = 2*k + k, -26 = -g + 4*k. What are the prime factors of g?
2, 5
Let r be 6/(-8)*(15 - 11). Let z = 27 - r. List the prime factors of z.
2, 3, 5
Let r = -3 + 7. Let f(g) = g**3 - 4*g**2 + 3. What are the prime factors of f(r)?
3
Suppose 0*u + 3*v = 5*u - 29, -3*u + 25 = 2*v. What are the prime factors of u?
7
Suppose -2*v + 6 = -2*g + g, 5*g = 4*v - 18. List the prime factors of 4*(g + (-15)/(-4)).
7
Let v = 0 + -3. Let y(c) = 6*c - 1. Let w be y(v). Let b = -11 - w. What are the prime factors of b?
2
Let i(u) = u + 9. Let k be i(-5). Suppose 2*n - 7*n - 4*w + 112 = 0, k*n = -3*w + 90. List the prime factors of n.
2, 3
Suppose -3*l = 5*n - 68, -5*l + l = -2*n - 56. Suppose -2*m - 134 = -3*u, -u + l = -m - 27. What are the prime factors of u?
2, 3
Let p = 7 - 4. What are the prime factors of p?
3
Let g = 15 + -10. Suppose -3*f = -8*f - g. Let m(l) = 9*l**2 - 2*l - 1. List the prime factors of m(f).
2, 5
Let o(j) = j**3 - 21*j**2 + 25*j - 17. List the prime factors of o(20).
83
Let v = -31 - -61. Suppose -4*t - 2*o = -4*o + 16, 5*t = 5*o - v. List the prime factors of 1 + t + (-2 - -19).
2
Suppose u = q + 2 + 8, -u - q + 2 = 0. Let j = 10 + -6. Suppose 3*i + u = 0, -4*c - j*i + 10 = -10. List the prime factors of c.
7
Let c(g) = -g - 6. Let t be c(3). Let p = 8 - t. List the prime factors of p.
17
Let o(r) = -r**3 + 6*r**2 - 3*r - 4. Let c be -2*(-3)/2 - 0. List the prime factors of o(c).
2, 7
Suppose 4*r - 288 = 2*r. Let s = r - 69. Suppose 6*m - 4*m + 4*u = 48, u = -5*m + s. List the prime factors of m.
2, 7
Suppose -12*k = -3*k - 675. List the prime factors of k.
3, 5
Let a(v) = 10*v**2 + 12*v + 26. What are the prime factors of a(-5)?
2, 3
Let g = 26 - -75. Suppose -29 = 5*t + g. Let d = 37 + t. List the prime factors of d.
11
Let o = 14 - 12. Suppose o*m + 1 = 5. What are the prime factors of m?
2
Let u(k) = k**3 + k**2 - 7*k + 9. What are the prime factors of u(5)?
2, 31
Let l = 2 - 2. Suppose l = -4*b - 1 + 5. List the prime factors of -2 - (-10 - (b - 1)).
2
Let o(x) = -x + 0*x - 10 - x. List the prime factors of o(-11).
2, 3
Suppose -2*q - q - 9 = 0. List the prime factors of (-1 - -2)*(-1 - q).
2
Suppose 3*p - 3 - 3 = -l, -5*p + 18 = -l. Let a(m) be the third derivative of m**6/120 - m**4/6 - m**3/6 + m**2. What are the prime factors of a(p)?
2, 7
List the prime factors of (-4 - (-7 + 4)) + 25.
2, 3
Let w = 4 - 4. Suppose w*v - t - 8 = -2*v, 2*t + 22 = 5*v. List the prime factors of -2 + (-2 + v - -1).
3
Suppose -3*w + 3*j + 198 = 0, -w - 4*j + 9*j = -74. What are the prime factors of w?
2
Suppose -64 = -2*z + 24. Suppose 8*c = 4*c - z. Let s = c + 15. What are the prime factors of s?
2
Let j(k) = -12*k - 8. Let w be j(-4). Suppose -5*a = -0*a - 105. Let p = w - a. List the prime factors of p.
19
Let j(m) = 2*m**2 - 4*m - 9. List the prime factors of j(6).
3, 13
Suppose 0 = 4*j + q - 167, -4*q - 6 + 2 = 0. List the prime factors of j.
2, 3, 7
Let d(p) = p**2 - 2*p + 1. Suppose -6 = -5*a - 16. Let i = a - -5. What are the prime factors of d(i)?
2
Let s = -2 + 6. Suppose -5*t = s*n - 27 - 7, 4*n + 2*t - 28 = 0. Suppose 3*x = -0*x + n. List the prime factors of x.
2
Let j(p) = -p + 1. Let x(m) = 8*m**2 - m. Let i(b) = -j(b) + x(b). Suppose 0 = 2*u - u - 1. List the prime factors of i(u).
7
List the prime factors of (-3 - 0) + 1 + 3 + 114.
5, 23
Let s be (-4785)/(-10)*(-4)/(-6). Suppose h + 3*p = 37, -5*h + 3*p - 116 + s = 0. What are the prime factors of h?
2, 5
Let l = 78 - 50. What are the prime factors of l?
2, 7
Suppose -2*v = -4*v + 24. Suppose 0 = 7*m - 2*m. Suppose m = -t + v - 0. List the prime factors of t.
2, 3
Let f = 747 - 522. Suppose 5*h - f = 2*x, -3*h = h + 4*x - 152. What are the prime factors of h?
43
Suppose -5*i - 5*q = -20, 2*i + 5*q = -i + 12. Let z(t) = t**2 - 6*t - 5. Let y be z(7). Let g = i - y. List the prime factors of g.
2
Let u = 95 + -59. What are the prime factors of u?
2, 3
Suppose r = 3*r - 140. What are the prime factors of r?
2, 5, 7
Suppose 11 = 2*u - 1. Suppose -u*i + 4*i + 14 = 0. What are the prime factors of i?
7
Let f = -32 + 16. List the prime factors of (-4)/f*2*70.
5, 7
Suppose l - 2*v = 0, l + 5*v - 2*v = 0. List the prime factors of l/(-2) + 31 - 0.
31
Suppose -4*g - 5*w = -3 + 7, 40 = 5*g - 5*w. Suppose g*a - 3 = 9. What are the prime factors of a?
3
Suppose -2*l - 10 = -4*l. Let s(n) = -2*n - 6. Let a be s(-6). Let f = a + l. What are the prime factors of f?
11
What are the prime factors of ((-144)/(-5))/(51/170)?
2, 3
Suppose 2*f - 125 - 105 = 0. Suppose -5*s + 4*z = z - f, 0 = 4*z + 20. List the prime factors of s.
2, 5
Let w(s) = -s**3 - 8*s**2 - 7*s - 5. What are the prime factors of w(-8)?
3, 17
Let a = -8 + 6. List the prime factors of 16 + (-2 - (a - 1)).
17
Let y(r) = -r**3 + 4*r**2 + 4*r + 4. Let a be y(5). Suppose -2*f + 2 = 5*h, 0*h - h - 14 = 4*f. What are the prime factors of (f - (3 + -2))*a?
5
Let d(p) = 159*p. What are the prime factors of d(1)?
3, 53
Suppose 427 = -7*f + 1428. List the prime factors of f.
11, 13
Let s be (18/10)/(5/25). What are the prime factors of 2*25 + (s - 8)?
3, 17
Let d(b) = -b**2 + 7*b - 4. Let q be d(6). Suppose -h - r + 0 + 2 = 0, -3*h = -r - q. List the prime factors of 1/(2*h/26).
13
Let u = -5 + 6. List the prime factors of -40*(-6)/15*u.
2
Suppose 7*d = 4*d. Let w(s) = -s**3 - s**2 + 35. What are the prime factors 